 a = 2 + 4. What is the units digit of a?
6
Let o(l) = 4*l. Let b(i) = i - 3. Let c be b(4). What is the units digit of o(c)?
4
Suppose 40 = -3*h - h. Let s(x) be the third derivative of x**6/120 + x**5/6 - x**4/24 - 3*x**3/2 + 7*x**2. What is the units digit of s(h)?
1
Suppose -40 = -k + 33. What is the units digit of k?
3
Let r = 11 - 15. Let c = 5 + r. Suppose 8 = 3*o - c. What is the units digit of o?
3
Suppose 5*w = 3*h - 98, -4*h + 5*w = -156 + 27. What is the tens digit of h?
3
Let j be -3 + 2 + 5 + -1. Suppose -j*d + 3*t = -4*d - 3, -5*d - t = 15. What is the units digit of d*(-20)/6 + 1?
1
What is the units digit of -3*21/(-9) + -2?
5
Suppose 2*r = k + 3*r - 76, -4*r + 158 = 2*k. What is the tens digit of k?
7
What is the tens digit of (1 - (-4 - 14)) + -4?
1
Suppose -r + 8 = -3*s, -3*r + 3*s + 8 = 2*s. Let q = 6 + r. What is the units digit of q?
8
Let y be 37 + 1*(-1 + 1). Suppose 9 = 4*o + y. Let l(n) = n**2 + 8*n + 8. What is the units digit of l(o)?
1
Suppose 2*g = 2*x + 22, -3*g - 12 + 43 = -x. What is the units digit of -14*(-4)/(-2 + g)?
7
Suppose -4*j + 3*z = -2*z - 8, 3*z = 0. Let o be 1/2 - (-3)/2. What is the units digit of j*(-3 + o) + 8?
6
Let s = -6 - -78. What is the units digit of s?
2
Suppose -3*p + 15 = 63. What is the units digit of p/(-5)*25/5?
6
Let v(s) be the first derivative of -s**2 + 5*s + 4. What is the tens digit of v(-7)?
1
Let a = -8 - -11. Suppose 7 - 13 = -a*y. Suppose 0 = 5*t - 4*s - 10, 3*t - y*t + s = 11. What is the units digit of t?
6
Let c = 145 - 78. What is the units digit of c?
7
Suppose s - 46 = -18. What is the units digit of s?
8
What is the tens digit of 4/18 + 7700/99?
7
Suppose 4*z - 3*z = -4*o + 19, -3*z - 23 = -4*o. Suppose o*a = a + 80. Suppose a = 5*g + 3*f, g + 3*g - 2*f = 16. What is the units digit of g?
4
Let q be 2/3 - (-51)/(-9). Let c be q*1/(-1 + 2). Let b(m) = m**3 + 5*m**2 - 3*m - 3. What is the tens digit of b(c)?
1
Let z be (-4)/6*15/2. Let p = 8 - z. What is the tens digit of p?
1
Let r be (-3)/(-2)*-2 + 11. Suppose 0 = -2*b - 3*u + 14, -24 = -4*b - 5*u + r. Suppose g = 4*c - 18 + 41, -c + b = g. What is the tens digit of g?
1
Suppose 3*z - 9 = -3. Suppose -z*v + 3*v = 24. What is the units digit of v?
4
Let d be 0 + 3 - 0 - -1. What is the units digit of 21 - 4/(d/(-3))?
4
Suppose 4*r - 5 = 3. Let c(m) = -2*m - 2*m**3 - 3*m**2 + 3*m**3 + 4*m**r + 3 - 2*m**2. What is the units digit of c(2)?
3
Suppose i + 2*c = 13, i = 4*c + c - 15. Suppose -i*d = 5*o - 38 + 13, -4*d = -2*o - 8. What is the units digit of (8/(-10))/(o/(-10))?
4
Let x(h) = -h**3 + 5*h**2 + 4*h + 7. Let g be x(6). Let t = -3 - g. Let r = t + -1. What is the units digit of r?
1
Let z = 291 - 145. What is the hundreds digit of z?
1
Let h(u) = u**3 + 6*u**2 + 6*u + 5. Let g = 0 + -4. What is the tens digit of h(g)?
1
Suppose 2*d + 2 = 2*p, -2 = -2*p + 4. What is the tens digit of (d/(-6))/(8/(-936))?
3
Suppose -30 = -2*s + 4*a, 0 = -6*s + s + 3*a + 40. Suppose 4*n + s*v = 6, -n + 8 + 1 = 5*v. What is the units digit of n*(2 - 1) - -3?
2
Let p(h) = h**3 + 6*h**2 + 4*h + 3. Let o be p(-5). Let k = o - 5. What is the units digit of k/(-6) + 18/4?
4
Suppose 5*r = 2*r - 18. Let f = r - 1. What is the units digit of (0 - f/3)*3?
7
Let h = -5 - -1. Let y = -2 - h. What is the units digit of y?
2
Let k be (0 - -2) + -2 + 10. Suppose k = 5*q - 15. What is the units digit of q?
5
Let d(h) = 3*h**2 + 2*h + 11. Let b be d(5). Suppose -4*p + 0 + b = 0. What is the tens digit of p?
2
Let d be (-12)/(-6) + (-1 - -1). Suppose 2*a + 0*a - d = 0. What is the units digit of a?
1
Let a(g) = -g**3 - 10*g**2 - 3*g + 14. What is the units digit of a(-10)?
4
What is the units digit of (13 + 79)*(-2)/(-4)?
6
Let l = 8 + -3. Let y(c) = -c**2 + 10*c + 4. What is the tens digit of y(l)?
2
Let j be 158/18 - (-8)/36. Suppose -3 + j = 2*z. Suppose z*a - 3*k = -5 - 4, 3 = 4*a - k. What is the units digit of a?
2
What is the tens digit of 6/39 - (-2986)/26 - -1?
1
Let z = -21 + 17. Let g(b) = -b**3 - 2*b**2 - 3. What is the tens digit of g(z)?
2
Suppose -c + 5*z = -2*c + 20, 3*z = -2*c + 12. What is the units digit of 2 + (-2)/(-2 + c)?
3
What is the hundreds digit of 3062/8 - -1 - (-4)/16?
3
Suppose 2*b - 4 = b. Let p(i) = i**3 - 7*i**2 + i - 5. Let k be p(7). Suppose 2*u = k + b. What is the units digit of u?
3
Let x = -1 + 7. What is the units digit of x?
6
Suppose 5*l - 4 = l. Suppose -2*t - l = -i, -3 = 3*t - i - 4. Suppose -x + 2*x = t. What is the units digit of x?
2
Let d(w) = -w**2 + 16*w + 7. What is the units digit of d(8)?
1
Suppose -2 = 2*z - 12. Suppose -z*u + d + 149 = 0, 8*u - 5*d - 145 = 3*u. What is the tens digit of u?
3
Suppose 2*y = 3*d - 9, y + 2*y - 4*d = -15. Let m(h) = -h**3 - 9*h**2 - 2*h - 9. Let k be m(y). Suppose -2*a + k + 5 = 0. What is the units digit of a?
7
Let a(w) = -w**2 - 8*w - 10. Let y be a(-6). Let f = y - -20. What is the units digit of f?
2
Let g(k) = 5*k**3 - 5*k**2 - 3*k - 5. Let x(l) = -6*l**3 + 4*l**2 + 2*l + 4. Let j(a) = -3*g(a) - 4*x(a). What is the units digit of j(1)?
8
Suppose 0 = -6*g + 3*g + 24. Suppose -k = k - g. Let w = 18 - k. What is the tens digit of w?
1
Let b = 6 - 6. Suppose 2*r + b*r = 10. What is the units digit of r?
5
Let f(p) = p**2 + 5*p - 10. Let d be f(-7). Suppose r + 20 = 2*r + 4*u, d*r - 5*u + 4 = 0. What is the units digit of r?
4
What is the tens digit of (-1)/3 - 100/(-3)?
3
Suppose 0 = -5*r + 304 + 61. Suppose r = 5*l - 12. What is the units digit of l?
7
Let j = -184 - -265. What is the tens digit of j?
8
Let x(j) = -j**2 + 4*j. Let l be x(3). Suppose 5*i = l*w + 44, -2*i + 11 + 17 = 4*w. Suppose -i = 5*u, -3*q + 13 + 12 = u. What is the units digit of q?
9
Let u(v) = -v + 41. What is the units digit of u(-20)?
1
Let s be 2/(-1*6/(-75)). Suppose -2*m + s = 3*m. Suppose -m*k = -27 - 33. What is the tens digit of k?
1
Let x = 5 + 0. Let l(j) = -j**2 - 2*j - 1. Let z be l(-1). Suppose -i - q + x*q = -3, -i + 2*q + 7 = z. What is the tens digit of i?
1
Suppose 0 = -l - 10*l + 275. What is the units digit of l?
5
Let h be ((-2)/(-6))/(2/6). Suppose -3*s + 8 = -h. Suppose 0 = -3*v + 15 + s. What is the units digit of v?
6
Suppose 3*i = -5*w + 339, -2*i - 3*w + 211 = -16. Suppose 6*b = -34 + i. What is the tens digit of b?
1
Suppose -5*o - l = -297, 3*o - 127 = -4*l + 41. What is the tens digit of o?
6
Suppose 0 = a - 22 - 8. Let d be 0 + (-1)/((-1)/a). Suppose c = -4*c + d. What is the units digit of c?
6
Let f be -5 - (-2)/1 - -70. Let a = -29 + f. What is the units digit of a?
8
What is the units digit of (1*8)/((-5)/(-25))?
0
Let y(q) = -q**3 + 9*q**2 + 14*q + 4. What is the units digit of y(10)?
4
Let t(w) = -w + 2. What is the tens digit of t(-11)?
1
Suppose 0 = -w + 3*w - 40. What is the units digit of w?
0
Let x be (16/(-10))/(10/(-125)). Let u = 4 + -4. Suppose a + a - x = u. What is the tens digit of a?
1
Let g = 91 + -42. What is the tens digit of g?
4
Suppose o - 195 = -4*o. Suppose 2*g - o = -5*z, -z - 7*g - 3 = -3*g. What is the units digit of z?
9
Let s be (2/3)/(2/(-6)). Let c be (-10)/4*(8 - s). Let d = -15 - c. What is the tens digit of d?
1
Let a(p) = -p**3 + 9*p**2 + p - 11. What is the units digit of a(8)?
1
Let n(y) = 6*y - 6. Let i(z) = z - 1. Let a(m) = -16*i(m) + 3*n(m). Let b be a(-3). Let r = b + 19. What is the units digit of r?
1
Let a(z) = z**2 + 2*z - 3. Let l be a(-6). Suppose 0 = u - 5*v - l, 2*v = 3 - 11. What is the units digit of u?
1
Suppose -3*q + 121 = -2*b, 4*q + 40 = -4*b + 188. What is the units digit of q?
9
Suppose 3*h - 2*h = 2. Suppose -h - 6 = -4*d. What is the units digit of 18*d/((-12)/(-2))?
6
Let i = -11 - -25. Let w be ((-3)/(18/4))/(2/15). Let n = i + w. What is the units digit of n?
9
Let z = 32 - -65. What is the units digit of z?
7
Let z(w) = w - 4. Let i be (6 + 0 - 3)/(-1). Let b(j) = -3*j - 3. Let p be b(i). What is the units digit of z(p)?
2
What is the tens digit of 12496/80 + (-4)/(-5)?
5
Suppose 0 = 3*l - 6*q + 4*q + 101, 5*q - 51 = l. Let a = l - -19. What is the units digit of ((-30)/4)/(9/a)?
0
Let o(b) = b**3 - 6*b**2 + 2*b - 9. Let y be o(6). Suppose y*a = -2*s - 19, a + 3 = -s + 2*s. What is the units digit of 14/2 - (a + 4)?
8
What is the units digit of (8/28)/1 - (-117)/7?
7
Let x(t) = -t + 14. 